- 6*m**2 + 1/8*m**4 + 0 + 1/30*m**5. Calculate w(-3).
8
Let a(q) = q**2 + 0*q - 14*q + 1 - 8 - 2*q**2. Give a(-13).
6
Let y(b) = -b. Let g be y(0). Let t(n) = -n - 4. What is t(g)?
-4
Let w(h) = 8*h**3 + 2*h**2 - 2*h + 1. Suppose 0 = -t + 3*t - 2. Give w(t).
9
Let q(s) = 4*s**2 + 4*s + 0*s**3 + 7*s**3 + 0*s**3 - 4*s**3 + 2. Give q(-2).
-14
Let k(z) = -z + 7. Let t(a) = -a**3 - 23*a**2 + 25*a + 27. Let g be t(-24). Give k(g).
4
Let x(k) = -5*k**3 - 5*k + 5. Let d be 2/(-3) + 68/12. Let g(y) = -6*y**3 + y**2 - 6*y + 6. Let h(o) = d*x(o) - 4*g(o). Give h(-2).
-5
Let r(n) = 3*n - 9. Let c(l) = l - 5. Let g = -4 - -15. Let a(d) = g*c(d) - 6*r(d). Determine a(-1).
6
Let l(f) be the second derivative of f**7/840 - f**6/72 - f**4/8 + f**3/2 + 4*f. Let c(n) be the second derivative of l(n). Calculate c(5).
-3
Let q(l) = 2*l**2 + l - 2. Suppose 2*p - 8 = -2*p. Calculate q(p).
8
Let q(b) = 5*b**3 - 6*b**2 - b - 4. Let s(v) = -14*v**3 + 17*v**2 + 3*v + 11. Let o(t) = -11*q(t) - 4*s(t). Let x = 6 + -12. Let m be -4*x/8*1. Give o(m).
6
Let f(v) = v - 10. Let o(s) = -s**2 + 9*s + 6. Let n be o(10). Let u(y) = -y + 11. Let t(r) = n*f(r) - 3*u(r). Give t(5).
2
Suppose 10*h - 5*h - 4*a = -4, 3*a - 3 = -h. Let q(m) = 2*m - 3*m + m**2 + 1 + 9. Calculate q(h).
10
Let x(p) = 4*p - 4. Let g(l) = 4*l - 3*l + 0*l - 1. Let s(z) = 9*g(z) - 2*x(z). What is s(4)?
3
Let r(z) = -z - 21. Let i be r(-17). Let y(w) = w**3 + 4*w**2 + w + 5. Calculate y(i).
1
Suppose -3*k = -k - 6. Let l(x) = 3*x + 4. Determine l(k).
13
Let m(q) be the first derivative of -3*q**4/4 + q**3/3 - 2. Let r be m(-1). Let f(w) = w**2 - 4*w + 6. What is f(r)?
6
Let v(i) be the second derivative of 0 + 1/6*i**4 + 3*i + 0*i**2 + 1/6*i**3. What is v(-1)?
1
Let t be (3*2/(-3))/2. Let o = 2 - t. Let l(d) = d**3 - 2*d**2 - 5*d + 2. Calculate l(o).
-4
Let n(g) = g**3 - 5*g**2 - 5*g - 6. Suppose -4*m = 3*y + 34, -y + 2*y + 3*m = -13. Let o = y + 16. Give n(o).
0
Let i = 17 + -16. Let v(o) = -7*o + 1. Determine v(i).
-6
Let p(k) be the second derivative of 7*k**4/4 + 6*k**3 + 10*k**2 - k. Let s(c) = -4*c**2 - 7*c - 4. Let h(u) = -2*p(u) - 11*s(u). Determine h(-3).
7
Let b(z) = z - 13. Let p be b(6). Let o(x) = x**2 + 7*x - 2. Let i be o(-5). Let r = p - i. Let m(n) = n**3 - 4*n**2 - 4*n - 3. What is m(r)?
2
Let c(u) = 2*u**2 - 4*u**2 - 5*u + u - 3 + 0. Suppose 4*h + n = -7, 2*h - 2*n = 3*h - 7. Determine c(h).
-9
Let a(n) = -n**2 - 7. Suppose b + 5*c - 9 = 1, -b + c = 2. Give a(b).
-7
Let i(f) be the third derivative of -2*f**2 + 0*f + 0 - 1/24*f**4 + 1/60*f**5 + 5/6*f**3. What is i(0)?
5
Let y(b) = 15*b - 2. Let w be y(2). Let q(a) = 0*a**2 - a**2 + w - 34 - 7*a. Determine q(-5).
4
Let o(g) = g - 2. Let b be o(5). Suppose -2*v + b*v - 2 = 0. Let x(l) = 4*l**3 + 3*l + 3*l**v + 3 - 6*l**3 - 5*l**2. Give x(-2).
5
Let z(n) = -2 + 267*n + 260*n - 524*n + n**3 - 4*n**2. What is z(3)?
-2
Let r = -9 - -15. Let p(l) = 5*l**2 + 8*l + 1. Let b(z) = -z**2 - z. Let q(m) = r*b(m) + p(m). Let d be (-6)/((1 + (-9)/6)*3). Determine q(d).
-7
Let z(i) be the first derivative of 3*i + 1 + 1/2*i**2 + 1/6*i**3. Let f(x) be the first derivative of z(x). What is f(-5)?
-4
Let n(k) = 3*k**2 - 2*k - 12. Let t(h) = -4*h**2 + 3*h + 18. Let g(q) = 7*n(q) + 5*t(q). Let c(u) = u + 2. Let r be c(-2). What is g(r)?
6
Suppose 0 = -3*c - 7 - 8. Let n = -5 - -8. Let q(b) = 6*b + b**n + 0*b**3 + 4 + 6*b**2 + 0*b**2. What is q(c)?
-1
Let d(v) = 6*v + 3. Let u(a) = 25*a + 13. Let q(c) = -9*d(c) + 2*u(c). Let z be 14/(-7 + 14) - (-6)/(-2). Give q(z).
3
Let v(h) = 2 - 3*h - 4 + 2 - h**3 + 4*h**2. What is v(3)?
0
Let y(n) be the second derivative of -n**3/6 + n. Let j = -11 - -15. Suppose j*v = 2*v. Calculate y(v).
0
Let a(v) = v + 1. Let l(i) = 2*i + 10. Let d(h) = -4*a(h) + l(h). Determine d(5).
-4
Let k(r) = -r**2 - 3 + 0*r**2 - 2*r**2 + r. Let u(w) = 1. Let c(x) = k(x) + 2*u(x). Suppose -5*z + z = -12, -z + 2 = -q. Determine c(q).
-3
Let h = 10 + -10. Suppose 0 = q - 4*o - 12, 10 = 5*q + 5*o + 25. Let c(t) = -1 + 2*t + q - 3*t + t**3. Determine c(h).
-1
Let d(k) = k**3 + 2*k**2 - k. Let p be -2 + (-8)/(-2) - 0. Suppose 0*v = -v + p. Suppose -y - 5*x - 17 = -0*x, v*x = 3*y. Give d(y).
2
Let m(w) be the first derivative of w**4/12 - w**3/6 + w**2 + 2*w - 5. Let f(h) be the first derivative of m(h). Determine f(2).
4
Let s(w) = -3*w**2 - 4*w**3 + 7 + 5*w - w**2 + 5*w**2. Let n(h) = -h**3 - h**2 + h. Let k(d) = -3*n(d) + s(d). What is k(5)?
-8
Let f(k) = k**3 + 7*k**2 + 7*k + 1. Suppose -4*l - 6 - 18 = 0. Let w be f(l). Let v(d) = -d**3 - 6*d**2 - 5*d + 1. Calculate v(w).
1
Let z be (-39)/2*(-16)/24. Let u = -11 - -19. Let l = u - z. Let v(r) = r + 3. Determine v(l).
-2
Let w = 11 - 11. Suppose -3*p + 4 = p + 5*r, w = 2*p + r + 4. Let b(y) = 2*y + 1. Determine b(p).
-7
Let l(h) = -13*h**2 - 33*h - 13. Let i(y) = 3*y**2 + 8*y + 3. Let k(b) = 9*i(b) + 2*l(b). Give k(-6).
1
Let c(w) = 5*w - 1. Let z = -9 + 16. Suppose -4*g - z = -g - 4*i, -5*g = -5*i + 10. Give c(g).
-6
Let l(t) = -t**3 + 5*t**2 - 6. Let v be 19/7 - (-8)/28. Suppose 0 = s - 2*p + 3, 3*s - p = -v*p + 23. Give l(s).
-6
Let i(x) be the first derivative of -x**3/3 + 3*x**2 + 3*x - 6. Let h(c) = c**2 - 6*c - 4. Let j(r) = 5*h(r) + 4*i(r). Give j(6).
-8
Let y be 2/((-3)/(-1) - 5). Let u(x) be the first derivative of -1 - 3/2*x**2 + x. Calculate u(y).
4
Suppose -6 + 4 = 2*k. Let i(z) = 22*z - 16*z + 5*z. Determine i(k).
-11
Suppose -z = -5 + 4. Let m(p) be the first derivative of p + 3/2*p**2 + z. What is m(1)?
4
Let v(z) = 3*z**3 + 7*z**2 + 6*z - 7. Let n(a) = -7*a**3 - 15*a**2 - 13*a + 15. Let b(f) = -6*n(f) - 13*v(f). Determine b(-1).
-3
Let i(r) be the second derivative of -r**3/3 + 3*r**2/2 + 5*r. Suppose 4*l - 10 = l + k, k = 4*l - 14. Calculate i(l).
-5
Let a(z) = -3*z + 3. Let n(j) = j - 1. Suppose 2*v = 5 - 1. Let h(r) = v*n(r) + a(r). What is h(-1)?
2
Let d(b) = b - 1. Let w(m) = -m - 14. Let v be w(-10). Give d(v).
-5
Let j(v) be the second derivative of -v + 1/20*v**5 - 1/12*v**4 + 0 - 1/2*v**2 - 2/3*v**3. Let n be j(3). Let d(b) = b**2 - 6*b - 1. What is d(n)?
-6
Let r(b) = b**2. Let v be r(2). Let a(t) = t**3 - 5*t**2 - 2. Calculate a(v).
-18
Let w(m) be the first derivative of -m**4/4 - m**3/3 + m - 5. Determine w(-1).
1
Suppose 5*c = -3*u + 16, -2*u - 31 = 2*c - 7*c. Suppose 0 = -q - 5, -2*q = c*f + 40 - 0. Let x(h) = 2*h + 8. Determine x(f).
-4
Let q(n) = 29 + 0*n - 19 + n - 15. Calculate q(-5).
-10
Let m(q) be the first derivative of q**4/4 + q**3 + q**2 + 4. Let l = 5 - 3. Let z be l/(1 - (-2)/(-1)). Give m(z).
0
Let x(l) = 2*l**3 - 3*l**2 + 2*l - 2. Let b(m) be the first derivative of -m**4/4 - 2*m**3/3 + m**2/2 + m + 2. Let r be b(-1). Let q = 3 + r. Give x(q).
6
Let q = -4 + 1. Let l(m) = m**3 + 4*m**2 + 3*m - 4. Let f be l(q). Let v(j) be the second derivative of j**4/12 + j**3 + j**2/2 + 95*j. Give v(f).
-7
Let k(r) = -11*r**2 - 3*r - 6. Let b(w) = 7*w**2 + 2*w + 4. Let o(v) = 8*b(v) + 5*k(v). Give o(3).
14
Let u = -5 + 11. Suppose u*s - 4 = 4*s. Let x(w) = -3*w. What is x(s)?
-6
Let a(z) = 3*z**2 - 8*z + 4. Let k(o) = -10*o**2 + 25*o - 12. Let c(d) = -7*a(d) - 2*k(d). What is c(4)?
4
Suppose u - 8 = 3*i, i + 2*i + 10 = -u. Let j = 4 + u. Let k(o) = -o**2 + o - 3 - o - j*o + 2*o**2. What is k(4)?
1
Suppose -1 + 9 = 2*v. Let b(q) = q**3 - 5*q**2 + 7*q - 5. Give b(v).
7
Let l = 13 - 6. Let o = -9 + l. Let z(j) = j**2 + 3*j - 2. Determine z(o).
-4
Let g(h) = 3*h + 2*h**2 - 13 + 14 + 3*h**2 - 2*h**2. Determine g(-2).
7
Let q(r) be the third derivative of r**6/120 - r**5/15 - r**4/4 + r**2. Let g = -8 + 13. Calculate q(g).
-5
Let f(c) = 3*c**3 + 3*c**2 - 4. Let r(s) = 4*s**3 + 2*s**2 + s - 3. Let w(t) = -3*f(t) + 2*r(t). Determine w(-5).
-4
Let s(n) = n**2 - 1. Let v(g) = 7*g**2 - 2*g - 10. Let l(r) = -6*s(r) + v(r). Let c(j) = j - 22. Let d be c(26). Determine l(d).
4
Let r(k) = 12*k + 0*k**2 - 1 + k**2 - 10*k + 8*k**2. What is r(1)?
10
Suppose -3*n = z + 4*z - 16, 4*z = 4*n - 32. Let y(x) = 2*x**2 + n*x + 6 + 9 - 10. Determine y(-4).
9
Let q(z) be the second derivative of z**4/12 + 4*z**3/3 - 7*z**2/2 + 5*z. Let u(o) be the first derivative of q(o). Determine u(-6).
-4
Let m(q) = 1 + 231*q - 230*q + 1. What is m(5)?
7
Let w(d) be the third derivative of -d**6/30 - d**4/